ose l = 6*f - 324. What are the prime factors of f?
2, 31
Let n(r) be the first derivative of 45*r**2/2 + 10*r + 62. List the prime factors of n(3).
5, 29
Suppose -5*o = 2*j - 21, 4*o - 7 - 11 = -2*j. Suppose -t - 2313 = -5*a - 0*t, a - 457 = o*t. List the prime factors of a.
463
Let c = 36 - 39. Let g be (1/(2 + c))/(1/13). Let z(s) = s**2 + 7*s + 22. What are the prime factors of z(g)?
2, 5
Let x be 26/((9/(-4) - -2)*-2). Suppose x*m - 824 = 50*m. What are the prime factors of m?
2, 103
Suppose -32*m = -66*m + 163438. What are the prime factors of m?
11, 19, 23
What are the prime factors of 2/(-4) + (-2 - (-38850)/4)?
2, 5, 971
Let u(g) be the third derivative of -g**4/3 - 14*g**3/3 - 92*g**2. Suppose -2*i + 3*d + 2*d = 42, 0 = -5*i + 3*d - 86. What are the prime factors of u(i)?
2, 5
List the prime factors of (5261 - -7)*(-3)/48*-12.
3, 439
What are the prime factors of -11 + 10*(-13592)/(-20)?
5, 23, 59
Let t(p) = 13*p + 4. Let f(z) = 26*z + 9. Let l(i) = -2*f(i) + 5*t(i). Suppose 2*o - 3*b = 0, 2*o - 5*b + 25 = 21. What are the prime factors of l(o)?
41
Let o(u) be the first derivative of 9*u**2/2 + 2*u + 1. Suppose -11*r - 26 = -24*r. What are the prime factors of o(r)?
2, 5
Let n(f) = 113*f - 1. Let h be n(-2). Let s = h - -322. Let a = s - -133. What are the prime factors of a?
2, 3, 19
Let x = 3494 - -815. What are the prime factors of x?
31, 139
Suppose 28 = -4*k + 5*l, -k - 2*k = -2*l + 14. Suppose -15*o - t = -13*o - 7, t = 1. List the prime factors of 38 + o + -3 + k.
2, 3
Suppose -2*j - 16 = -4*u + 2*j, u - 3*j - 4 = 0. Suppose -5*d + 915 = 4*m, -d + u*d = 2*m + 527. Let i = -120 + d. List the prime factors of i.
59
Let m(t) = -984*t + 218. Let o be m(-13). What are the prime factors of o/24 + (-11)/132?
2, 271
What are the prime factors of (-12)/20 + (8 - 328683/(-5))?
2, 7, 587
Let h(u) = -382*u**2 + 191*u**2 + 2 + 191*u**2 + 2*u + 3*u + 2*u**3. Suppose r - 3*r + 6 = 0. What are the prime factors of h(r)?
71
Let w = 2188 + -1015. Suppose 2*a - 2022 = -3*h + w, 0 = -4*h - 4*a + 4260. Suppose 2*q - h = -3*q. What are the prime factors of q?
3, 71
Let j = 17 + -15. Suppose -4*c - 3*k = -15, c - 3*k = j*c - 15. Suppose -5*s - 20 = c, -s + 280 = 5*z - 6*s. List the prime factors of z.
2, 13
Let y(z) = 2*z**2 - 2*z - 7. Let q be y(3). Suppose -6*k - q = 31. List the prime factors of (-1)/2 - 783/k.
2, 5, 13
Suppose -1 = 12*u - 61. Suppose 7*b - u*b = 316. List the prime factors of b.
2, 79
Let v(m) = -5*m**3 - 2*m**2 + 2*m. Let z be v(-2). Suppose -z*j = 26*j - 109080. What are the prime factors of j?
2, 5, 101
Let l(w) = 71*w**2 - w. Suppose x + 6 - 8 = 0. Suppose 4*q = -2*o + 14, -o + x*o - 11 = -3*q. What are the prime factors of l(o)?
2, 3
Suppose -27*w - 4426498 = -196*w + 694033. What are the prime factors of w?
41, 739
Let b be (1/(-4))/((-24)/384). Suppose -651 = -b*r + 689. What are the prime factors of r?
5, 67
Suppose 0 = 2*g - 5*d - 18, -3*g + 3*d = -1 - 8. Let a be 2/(-4)*1222*g. What are the prime factors of (-2)/7 - a/(-7)?
3, 29
Let i = -41 - -36. Let d be 2/i - ((-64)/10 + 2). What are the prime factors of 240*((-10)/d + 3)?
2, 3, 5
Let c be (-2 - (6 - 9)) + (-1 - -1). Let i be 6/((-1875)/1880 + c). List the prime factors of (-22)/(-55) - i/(-10).
2, 113
Suppose 0 = -2*k - 5*h + 20, -2*h + 8 = -k + 4*k. Suppose 5*u - 1351 = r, 0 = r + 1 - k. What are the prime factors of u?
2, 3, 5
Let p(y) = -33*y**3 + 3*y**2 - 3. Suppose -2*t + 4*r - 10 = t, -3 = 4*t + 5*r. What are the prime factors of p(t)?
3, 7, 13
Let c = -4227 + 9609. Suppose c = 3*l + 6*l. What are the prime factors of l?
2, 13, 23
Suppose 23*p = 2*p - 13083. Let a = -188 - p. List the prime factors of a.
3, 5, 29
Let h(t) = -3*t**3 + 33*t**2 + 4*t - 35. List the prime factors of h(10).
5, 61
Let u be (-1)/5 - 738/10. Suppose -931*i + 956*i + 575 = 0. Let a = i - u. List the prime factors of a.
3, 17
Let i = 10028 + 6574. List the prime factors of i.
2, 3, 2767
Suppose o = -a - 4*a + 64, -24 = -a - 3*o. Suppose a*b - 1058 = 2458. List the prime factors of b.
293
Let b(t) = 478*t**2 + 8*t + 3. Suppose -5*g = 5*a + 15, 0*a - 5*g = -5*a + 5. What are the prime factors of b(a)?
11, 43
What are the prime factors of (18404/12)/((-53)/(-1908))?
2, 3, 43, 107
Let a = -338 - -1912. Let i = a + -728. List the prime factors of i.
2, 3, 47
Suppose -3*q + 7 = 2*o, -5*q + 6*o = 2*o - 19. Suppose -3*v - 89 = u - 707, q*u = -5*v + 1034. Let y = 299 - v. List the prime factors of y.
2, 47
Suppose -59846*l - 213426 = -59855*l. What are the prime factors of l?
2, 71, 167
Let d(l) be the third derivative of 11*l**4/6 + 83*l**3/6 + 9*l**2 + 2*l. What are the prime factors of d(11)?
3, 7
Suppose 18*t + 5*t = 667. Suppose 0 = t*l - 27*l - 352. List the prime factors of l.
2, 11
Let y be (13 - 9)*5/4. Suppose -y*s = -2*s + 18. Let v(b) = -b**3 - 5*b**2 + 3*b - 1. What are the prime factors of v(s)?
17
Suppose 0 = -3*j + 6, 17003 = v + 5*j + 2804. What are the prime factors of v?
7, 2027
List the prime factors of ((-16)/(-3))/(26379308/(-517242) + 51).
2, 11, 461
Let u(r) = -108*r + 227. Let p(i) = 53*i - 113. Let q(d) = 7*p(d) + 3*u(d). What are the prime factors of q(13)?
3, 167
List the prime factors of 695/60*2470 + -3 + 5/30.
2, 3, 149
Let b(g) = -g**2 - 65*g - 114. Let u be 320/(-15) - 5 - (-14)/(-21). List the prime factors of b(u).
2, 3, 19
Let j = -2116 + 10858. What are the prime factors of j?
2, 3, 31, 47
What are the prime factors of 3/(((-3)/4)/1*4/(-531))?
3, 59
Suppose -990130 = 20*b - 90*b + 392860. What are the prime factors of b?
23, 859
Let d(a) = 7*a**2 - a - 4. Suppose -m = -3*m - 5*x - 1, m - 5*x + 8 = 0. Let j be d(m). Suppose -j = -5*w + 553. List the prime factors of w.
3, 41
Let d = -65 + 116. Let o(z) = d + 50 + 8*z - 101. List the prime factors of o(4).
2
Suppose 428*r - 441*r + 15184 = 0. List the prime factors of r.
2, 73
What are the prime factors of (-92)/138*(-18819)/2?
3, 17, 41
Let g(a) = -3217*a + 14100. What are the prime factors of g(-6)?
2, 3, 19, 293
Let i be 3/9*-3543 + 1. Let n = 1773 + i. List the prime factors of n.
593
Suppose 0 = 2*s - 2*r - 11304, 4*r - 5628 = -s - r. List the prime factors of s.
2, 353
Let m(n) = n**3 - 9*n**2 + 11*n - 19. Let c be m(8). Suppose 5*o + c*t + 178 = 7*o, -o = 4*t - 102. Let h = -6 + o. List the prime factors of h.
2, 11
Let b(v) = -2*v**2 + 41*v + 7261. What are the prime factors of b(0)?
53, 137
Suppose 1223348 = 36*v + 781338 - 1166722. What are the prime factors of v?
44687
Let k(a) = -12304*a - 2850. What are the prime factors of k(-2)?
2, 11, 23, 43
Let r = 7971 - 5907. What are the prime factors of r?
2, 3, 43
Suppose -99000 = -14*f + 25894. What are the prime factors of f?
11, 811
Let c(p) = -3*p + 32. Let z be c(11). Let g = z + -7. What are the prime factors of (-6 + 2)*412/g?
2, 103
Let s be -4*1 - (-5 - -1). Suppose -4*l + 4*d + 3288 = s, 6 = d - 4*d. What are the prime factors of l?
2, 5, 41
Let p(j) = 6*j**2 + 5*j - 39. Let w be p(5). Suppose -w*k + 139*k = 4854. List the prime factors of k.
2, 809
Suppose -9*x + 14*x = 4*k - 138758, x + 208098 = 6*k. What are the prime factors of k?
2, 17341
Let o(n) = 9*n + 1. Let x be o(2). Let q(f) = 2*f**2 - 16*f + 102. Let c be q(13). Suppose 2*t - c = -5*r, 4*r = -t + 169 + x. What are the prime factors of r?
2, 3
Let k = -55 + -1. Let j = 50 + k. List the prime factors of 9*-3*2/j*13.
3, 13
Let x = -6656 - -18669. List the prime factors of x.
41, 293
Suppose -90966 + 5184 = -34*c. Let g = c + -1720. What are the prime factors of g?
11, 73
Suppose 3*q + 660*w - 664*w - 15223 = 0, w = 5*q - 25383. What are the prime factors of q?
5077
List the prime factors of 10*(-16)/(-40)*1 - -1455.
1459
Let p = 2140 + 2057. List the prime factors of p.
3, 1399
Let x = -36 - -38. Suppose x*y + 10 = -3*a, -4*y = 29 - 9. Suppose 0 = 2*f - a*q + 5*q - 129, -5*f = -q - 309. List the prime factors of f.
2, 31
Suppose 4*n - 19 = 4*m - 7*m, 5*n - 20 = -3*m. Suppose -2*g - 4*b = -0*g - 244, 0 = -m*g - b + 574. What are the prime factors of g?
2, 3, 19
Suppose -6*v + 43 - 163 = 0. List the prime factors of 258 + (v/(-5) - 7).
3, 5, 17
Suppose 22*l - 21*l = -2. Let z be 533/4*l - 2/4. Let h = -161 - z. What are the prime factors of h?
2, 53
Suppose 5*f + 4*s = 17454, -2*s 